 11*i = 13*i - w. Calculate the highest common divisor of i and l.
2
Suppose 0 = -4*b - 2*m + 550, -5*b - m - 677 = -10*b. Calculate the greatest common factor of 102 and b.
34
Suppose -1522 + 1682 = 4*w. Let u be -14*1/(-4)*2. Let y(r) = -r**3 + 8*r**2 - 4*r - 5. Let p be y(u). Calculate the highest common factor of w and p.
8
Suppose 1232 = 11*b - 2310. Calculate the greatest common divisor of b and 69.
23
Let l = -36 + 141. Let a(p) = p**2 + 10*p + 14. Let s be a(-14). Calculate the highest common divisor of s and l.
35
Suppose 0 = -48*i + 58*i - 1300. Let x be 27 + -3 + 2 + 0. Calculate the highest common divisor of i and x.
26
Suppose -41*x - 674 = -8874. What is the greatest common factor of x and 25?
25
Suppose 0 = -14*u - 1273 + 8917. What is the greatest common factor of 126 and u?
42
Suppose 34 = y - 11. Let w = y + -19. What is the greatest common divisor of w and 260?
26
Let f be -4*(0 - 9*1/6). Let w be 8 - 3*(20/f - 3). Calculate the greatest common divisor of 49 and w.
7
Suppose 0 = f + n - 298, 2*n + 1176 = 4*f - 2*n. What is the greatest common factor of f and 111?
37
Suppose 2*q + 7 = 5*t - 0, t + 5*q = 23. Suppose 24 + 6 = t*u. What is the greatest common divisor of u and 40?
10
Let w = 479 + -475. What is the greatest common divisor of 7 and w?
1
Let u be (-30)/6*(2 + -1). Let r be u/(-2)*6/5. Let n = -39 + 48. Calculate the highest common factor of n and r.
3
Let t = -14 - -43. Let o(n) = -20*n**2 + 762*n - 18. Let m be o(38). What is the greatest common divisor of m and t?
29
Suppose j = -3*q, -1 = -j - 4*q - 3. What is the highest common divisor of 246 and j?
6
Suppose p = 3*p - 36. Suppose -4*n = -4*g - 20, 5*g + n + 16 = 3*n. Let l be (1 + g)/((-6)/p). Calculate the greatest common factor of 1 and l.
1
Suppose -106 = -2*o + 3*d, -46 = 13*o - 14*o + 5*d. Calculate the greatest common factor of 616 and o.
56
Suppose s = -m + 26, 11*s - 3*m - 26 = 10*s. Calculate the greatest common factor of 117 and s.
13
Let i = 23 + -14. Let d(l) = -l**3 + 9*l**2. Let r be d(i). Suppose -6*z + 55 = -3*z + 4*y, z - 4*y - 45 = r. What is the greatest common factor of z and 125?
25
Let g be 8/(-3)*((-60)/(-8) - 9). What is the greatest common divisor of g and 972?
4
Let n = -49 - -51. Suppose 4*w + 3*l - 132 = -2*l, n*l = -8. What is the greatest common divisor of 266 and w?
38
Suppose 2*h = 2*n - 14, 4*h + 0*h - 44 = -4*n. Calculate the greatest common divisor of 369 and n.
9
Let p = 1 - 7. Let b be (44/p)/((-1)/(-3)). Let i = -14 - b. What is the greatest common divisor of 1 and i?
1
Let n = 11 + -6. Let a = 15208 + -15198. What is the greatest common divisor of a and n?
5
Suppose -2*l = -3*w - 30, 34 = 2*l - 0*w - 4*w. Let i = -7 + 9. Let o be (i - 15/(-6))*2. Calculate the greatest common divisor of l and o.
9
Let f = -94 + 134. Let w = 38 + -31. Suppose 3*v - w = 23. Calculate the greatest common divisor of f and v.
10
Let g be 0 - ((-20 - -3) + 0). Suppose 5*p = 193 + g. What is the highest common factor of 28 and p?
14
Let v(h) = -19*h**2 - 288*h + 15. Let z be v(-15). What is the highest common factor of z and 1050?
30
Suppose 5*o - 2*i = 16, 0*o + 4*i + 10 = -o. Suppose 4*w = 4*v + 2*w - 116, o*v - 3*w = 50. What is the greatest common divisor of v and 341?
31
Suppose 62 + 10 = 4*v - t, -3*v + 4*t = -54. Let f be (-3)/2*(12 - 16). Let o be ((-6)/4)/(4 - 25/f). What is the greatest common divisor of v and o?
9
Let i = -14 - -17. Suppose i*z - 954 = -54. Suppose 0 = -2*o + 4 + z. Calculate the greatest common factor of 19 and o.
19
Let f(w) = w**3 + 6*w**2 + 5*w - 6. Let c be f(-5). Let s = 7 + c. Let g be (-20)/s*6/(-12). What is the greatest common factor of 90 and g?
10
Let v = -2651 + 2699. Calculate the greatest common divisor of 2328 and v.
24
Suppose -545 = -4*u - 3*h, 0 = 4*u + h - 321 - 234. Suppose -u = -10*k + 5*k. Calculate the greatest common divisor of k and 4.
4
Let p be (-2)/(((-16)/28)/4). Let w = p + 0. What is the greatest common factor of 14 and w?
14
Let m(s) = s**3 + 7*s**2 + 7*s - 1. Let b be m(-5). Suppose 0 = -5*j + 6*j - 4*t - 5, 0 = 4*j + 4*t - 100. Calculate the highest common divisor of j and b.
7
Let x = 580 + -574. Calculate the greatest common factor of 90 and x.
6
Suppose 6*m - 894 = 6960. Calculate the greatest common divisor of 17 and m.
17
Suppose -5*a + 47 = -13. Suppose -4*n - 11 = -47. Suppose -4*o + 39 + n = 0. Calculate the highest common divisor of o and a.
12
Let y(d) = -d**3 + 4*d**2 + 12*d + 7. Suppose -30 = -9*m + 4*m. Let t be y(m). What is the highest common divisor of 7 and t?
7
Let q be (-44 + 39)*(1 + 2). Let n be 9 + -6 - (q - -2). What is the highest common factor of 304 and n?
16
Let g be (-6 - (-34)/6)/((-1)/9). Suppose 9*l - 4*l = -5*s + 65, s - 21 = g*l. Calculate the highest common divisor of s and 3.
3
Let m = -25 - -25. Suppose -z + 3*j + 244 = 0, m*z - 5*j = 3*z - 774. Let l(a) = -6*a - 1. Let i be l(-4). Calculate the highest common factor of z and i.
23
Let h = -13 + 16. Suppose 7 = -d + h*b, -d + b - 12 = -3*b. Calculate the highest common divisor of d and 56.
8
Suppose -4*o - 4*v + 28 = -6*v, 5*o - 20 = -5*v. Suppose -26 - 16 = -o*r. What is the highest common divisor of 7 and r?
7
Let g(m) = -m - 3. Let p be (1 + -3)/2*-9. Let q be g(p). Let t be (-1 + 2)*(q - -13). What is the highest common factor of t and 2?
1
Suppose -5*i - 2 = 8, 0 = 5*k - 3*i - 116. Calculate the highest common divisor of k and 33.
11
Let s = 128 - 68. Let p(u) = -5*u - 9. Let k be p(-6). Let b = k + -9. Calculate the highest common divisor of s and b.
12
Let j(x) = -5*x + 2. Let m be j(5). Let z = -20 - m. Let f be z + 10 + (0 - 1). Calculate the greatest common divisor of 36 and f.
12
Let m(t) = t**2 - 2. Let w be m(3). Let h = w - 0. Suppose -5*x - 5*k + 43 = -x, -4*x + k + 25 = 0. Calculate the greatest common factor of x and h.
7
Let y(m) = -2*m - 23. Let c be y(0). Let v = -11 - c. What is the highest common divisor of v and 2?
2
Let b = 8 + 79. Let a = -53 + b. Let v = a + -18. Calculate the greatest common divisor of 80 and v.
16
Let i(n) = n**2 + 3 - 2*n**2 + 2*n - 1 - 6*n**3. Suppose 14*s = 23*s + 18. Let j be i(s). Calculate the highest common divisor of j and 6.
6
Suppose 1463 = 40*r - 617. Calculate the greatest common factor of r and 13.
13
Let s be -133 - (-4 + (1 - 0)). Let f = -113 - s. Calculate the greatest common factor of f and 17.
17
Let x(w) = -12*w - 3. Let m be x(-1). Let l = m + 47. Let i = 16 + -9. What is the highest common divisor of l and i?
7
Let k(n) = 33*n - 3. Let s be k(3). Let g = -34 + 50. What is the greatest common factor of g and s?
16
Let v be (39/12)/(-5*(-3)/420). Suppose v = 4*c + 51. Suppose -67 = -3*l + 4*s, 2*l + l - 65 = 5*s. What is the greatest common factor of l and c?
5
Let u be (1256/12)/((-2)/(-3)). Let r = u + -93. What is the greatest common factor of 4 and r?
4
Let u be 55/4 - (-1)/4. Let g be (21/u)/((-3)/(-44)). Calculate the highest common divisor of g and 132.
22
Let l = -6 + 6. Let o be (14 - l)/((-8)/(-60)). Suppose -2*r - 101 = -5*u - 3*r, 5*u + 2*r - 97 = 0. Calculate the greatest common factor of o and u.
21
Let l = 17 + -15. Suppose l*a = -a + 3. Suppose -d + 88 = 4*i, -i - 2*d + a = -7*d. What is the greatest common factor of 14 and i?
7
Let q be 8 - 4 - (0 - -2). Let d(s) = 2*s - 1 - s - q*s. Let l be d(-5). What is the greatest common factor of 8 and l?
4
Let z = -1363 + 1384. Suppose 5 - 14 = -2*k - y, 0 = 5*k - 5*y - 60. What is the greatest common factor of z and k?
7
Suppose 0 = 3*u - 4*n - 56 - 68, 0 = -4*u - 5*n + 124. What is the highest common divisor of u and 126?
18
Suppose 4*d = 6*d + 46. Let z(y) = -3*y + 51. Let x be z(d). Calculate the highest common divisor of 30 and x.
30
Suppose 0 = -5*n, -u + 5*u - 5*n - 56 = 0. Let b = 117 - 121. Let k be 6704/120 + b/(-30). Calculate the greatest common factor of u and k.
14
Suppose -3*n = -41 - 103. What is the highest common factor of 114 and n?
6
Suppose k + 3601 = 3606. What is the highest common factor of k and 8?
1
Suppose 4*k + 4*q - 2*q = -10, -10 = -2*k + 4*q. Let l be k + -4*3/(-4). What is the greatest common factor of l and 14?
2
Suppose 0 = w - 2*w - 9. Let h be (45 - 6)*(-3)/w. Let u(l) = l**2 - 10*l - 6. Let d be u(h). What is the highest common divisor